+ 6. Calculate z(7).
69
Let u(y) = 77*y**3 - y**2 - 4*y - 2. Determine u(-1).
-76
Let w(r) = r**2 - 8*r + 17. Give w(2).
5
Let g(m) = -m**3 - 2*m**2 + 2*m - 3. What is g(-4)?
21
Let v(f) = f**3 - 6*f**2 - 3. What is v(3)?
-30
Let f(v) = v**3 - v**2 - 6*v - 7. What is f(5)?
63
Let x(q) = -2*q - 17. Determine x(-5).
-7
Let s(c) = c**2 - 16*c + 10. Give s(6).
-50
Let c(s) = 2*s**2 - 7*s. What is c(6)?
30
Let x(g) = g**3 - g**2 - 36. Determine x(0).
-36
Let c(b) = -5*b - 7. Give c(9).
-52
Let h(q) = -50*q - 646. Determine h(-13).
4
Let f(r) = -5*r**3 + r**2 - 3*r - 3. Give f(-1).
6
Let z(f) = -f**2 + 13*f + 10. Calculate z(13).
10
Let t(w) = -5*w**3 - 142*w**2 - 57*w - 22. Calculate t(-28).
6
Let o(s) = s**3 + 7*s**2 - 8*s + 18. Determine o(-8).
18
Let m(s) = -4*s + 164. What is m(44)?
-12
Let x(q) = -2*q + 12. Calculate x(5).
2
Let m(x) = 11*x**3 - x**2 - 4*x - 3. What is m(-1)?
-11
Let h(g) = -13*g + 1. What is h(1)?
-12
Let p(u) = u**2 + 11*u - 3. Determine p(-3).
-27
Let y(v) = 3*v - 13. Give y(4).
-1
Let r(u) = -20*u + 359. Calculate r(18).
-1
Let k(l) = 2*l**3 + 13*l**2 - 5*l + 7. What is k(-7)?
-7
Let u(v) = 23*v + 255. Calculate u(-11).
2
Let o(u) = 10*u - 525. Determine o(54).
15
Let z(f) = -f**3 - 8*f**2 + 17*f - 18. Give z(-10).
12
Let q(b) = -b**3 + 3*b**2 - b + 1. Give q(2).
3
Let c(k) = -k + 5. Calculate c(1).
4
Let o(i) = -i**2 - 8*i + 4. What is o(-5)?
19
Let o(s) = s - 7. Calculate o(15).
8
Let z(j) = -j**2 - j + 28. Give z(0).
28
Let r(k) = -k**3 + 2*k**2 + 15*k - 2. Calculate r(4).
26
Let b(m) = -m**2 - m + 7. What is b(3)?
-5
Let p(b) = -14*b + 11. Determine p(5).
-59
Let d(s) = s**2 - 3*s - 9. What is d(0)?
-9
Let q(r) = r**3 - 9*r**2 + 6*r + 11. Calculate q(8).
-5
Let c(r) = r**2 - 30*r - 5. Calculate c(30).
-5
Let z(v) = v**3 + 11*v**2 - 11*v + 8. What is z(-12)?
-4
Let o(l) = l**3 - 11*l**2 + 11*l - 8. Determine o(10).
2
Let u(w) = w**3 + 6*w**2 + 9*w - 7. Determine u(-4).
-11
Let o(v) = 16*v - 100. Calculate o(7).
12
Let x(o) = -o**2 + 12*o + 71. Give x(16).
7
Let p(x) = 12*x**3 + 2*x**2 - x + 1. Give p(1).
14
Let z(l) = l + 6. Give z(-11).
-5
Let o(j) = 12*j**2 - 16*j + 5. Calculate o(3).
65
Let h(d) = d**2 + 7*d + 1. What is h(-6)?
-5
Let h(m) = -m**2 + 11*m + 81. Calculate h(16).
1
Let y(t) = -17*t**2 + t. Determine y(1).
-16
Let s(f) = f**3 + 9*f**2 + 5*f + 10. Calculate s(-8).
34
Let r(p) = -p**3 + 9*p**2 - 3*p - 34. Give r(8).
6
Let h(x) = -x**3 - 15*x**2 + 17*x + 17. Give h(-16).
1
Let q(x) = -53*x + 162. Determine q(3).
3
Let o(i) = i + 7. Give o(-3).
4
Let u(g) = -4*g**2 - g + 2. What is u(3)?
-37
Let z(q) = -q - 12. Determine z(9).
-21
Let j(h) = h**3 + 22*h**2 - 25*h - 27. Calculate j(-23).
19
Let z(a) = 4*a. Determine z(-9).
-36
Let y(a) = -a**3 - 13*a**2 + 16*a + 57. Calculate y(-14).
29
Let t(k) = -k**3 + 3*k**2 - 7*k + 46. Determine t(4).
2
Let n(m) = -m**3 - 8*m**2 + 21*m + 14. Determine n(-10).
4
Let c(y) = -3*y + 4. Determine c(0).
4
Let m(n) = n**3 - 28*n**2 + 28*n - 28. Give m(27).
-1
Let s(y) = -4*y - 12. Give s(-6).
12
Let n(b) = 27*b. What is n(-1)?
-27
Let o(d) = d**3 + 5*d**2 - 6*d - 4. Determine o(-6).
-4
Let a(d) = d**2 - 3*d - 8. What is a(5)?
2
Let b(a) = 35*a + 312. What is b(-9)?
-3
Let m(f) = f**3 + 11*f**2 + 10*f + 6. Calculate m(-10).
6
Let x(i) = i - 8. Calculate x(12).
4
Let q(x) = -3*x - 25. What is q(0)?
-25
Let x(r) = r**2 + 12*r - 61. What is x(-16)?
3
Let b(m) = -m**2 + 62*m + 6. Calculate b(62).
6
Let g(z) = z**2 + 9*z + 5. Determine g(-14).
75
Let u(y) = -y**3 - 12*y**2 - 14*y - 10. Calculate u(-9).
-127
Let b(f) = -f**3 - 5*f**2 + 8. Give b(-4).
-8
Let g(t) = t**2 + 4*t - 1. Calculate g(-7).
20
Let x(m) = 18*m**2 + 27*m + 6. Determine x(-2).
24
Let l(q) = 3*q**3 + 32*q**2 - 13*q - 5. Give l(-11).
17
Let a(p) = p + 28. Give a(-6).
22
Let r(z) = z**3 + 7*z**2 + 10*z + 8. What is r(-6)?
-16
Let o(j) = -52*j - 49. What is o(-1)?
3
Let x(d) = -d**3 - 13*d**2 - 23*d - 11. Calculate x(-11).
0
Let u(j) = 28*j - 390. Calculate u(14).
2
Let v(u) = -u**3 + 5*u**2 + 4*u + 7. Calculate v(6).
-5
Let g(h) = -h**2 - 12*h + 19. Calculate g(2).
-9
Let i(t) = t**3 - t**2 - t + 1. What is i(3)?
16
Let u(k) = 2*k**2 - 27*k + 19. What is u(13)?
6
Let n(q) = q**3 - 27*q**2 + 24*q + 25. Calculate n(26).
-27
Let j(m) = -m**2 - 25*m - 38. What is j(-23)?
8
Let i(v) = v**3 - 13*v**2 + v - 18. Determine i(13).
-5
Let l(y) = 2*y**2 + 7*y - 1. Calculate l(-5).
14
Let j(f) = 2*f**2 + 3*f - 9. What is j(-5)?
26
Let o(j) = -36*j + 169. Calculate o(5).
-11
Let t(a) = a + 9. Determine t(-19).
-10
Let o(q) = -q**2 - 12. Determine o(-5).
-37
Let x(a) = 4*a + 28. Determine x(-6).
4
Let c(x) = -13*x - 235. Determine c(-18).
-1
Let l(b) = 4*b**3 + 6*b**2 + 9*b + 7. What is l(-3)?
-74
Let g(s) = -2*s + 74. Determine g(-35).
144
Let u(d) = -d + 36. Give u(27).
9
Let l(h) = -h**3 + 61*h**2 - 122*h + 217. Calculate l(59).
-19
Let t(k) = k**2 - 7*k + 4. Give t(2).
-6
Let u(b) = b**2 + 2*b + 5. Calculate u(-4).
13
Let b(d) = -2*d**2 + 18*d - 14. What is b(8)?
2
Let y(f) = f**3 - 4*f**2 + 3*f - 1. Give y(2).
-3
Let c(k) = -2*k + 7. Determine c(1).
5
Let r(u) = -u**3 + 11*u**2 - 12*u + 28. Calculate r(10).
8
Let l(j) = j**2 - 38. Give l(-4).
-22
Let g(j) = -j + 7. Determine g(12).
-5
Let l(m) = m**3 - 8*m**2 + 10*m - 5. Calculate l(8).
75
Let o(k) = k**3 - k**2 - 4*k + 1. Determine o(-4).
-63
Let p(t) = t**2 - t - 47. Give p(0).
-47
Let h(k) = -k + 29. Calculate h(23).
6
Let d(i) = i**2 - i. What is d(0)?
0
Let a(p) = -21*p - 138. Calculate a(-7).
9
Let f(i) = i**3 + 9*i**2 + 2*i + 10. Determine f(-9).
-8
Let y(x) = x**2 + 11*x - 74. What is y(5)?
6
Let p(i) = -25*i**2 - 3*i - 6. Determine p(-2).
-100
Let k(l) = -l**2 + 14*l. What is k(14)?
0
Let a(n) = 2*n**2 + 17*n + 3. What is a(-8)?
-5
Let v(y) = -13*y**3 + 2*y**2 + 4*y - 4. Give v(2).
-92
Let n(t) = t**3 + 3*t**2 + 2*t - 7. Give n(-4).
-31
Let x(u) = 22*u**3 + u - 1. Calculate x(1).
22
Let y(c) = 9*c + 1. What is y(9)?
82
Let z(n) = 8*n - 4. Give z(-3).
-28
Let b(x) = x**3 + 3*x**2 - 1. What is b(-2)?
3
Let q(l) = -l**3 + 8*l**2 - 2*l + 11. Calculate q(8).
-5
Let r(w) = -5*w - 9. What is r(-4)?
11
Let u(t) = -2*t**2 - 3*t - 7. Give u(-3).
-16
Let h(f) = -3*f - 4. Determine h(9).
-31
Let w(x) = x**3 + 2*x**2 - 3*x + 1. What is w(-3)?
1
Let v(x) = 2*x - 10. Determine v(13).
16
Let s(c) = 10*c + 124. Calculate s(-12).
4
Let w(m) = 13*m - 585. Calculate w(45).
0
Let l(b) = 6*b**3 - 2*b**2 - 5*b + 4. What is l(2)?
34
Let v(p) = -p**3 - 5*p - 6. What is v(0)?
-6
Let v(w) = -w**2 + 3*w - 10. Calculate v(2).
-8
Let l(c) = -c**2 + 6*c + 1. What is l(7)?
-6
Let d(u) = 2*u + 1. What is d(0)?
1
Let w(i) = -13*i - 2. Calculate w(5).
-67
Let k(l) = -3*l**2 - 29*l - 26. Calculate k(-10).
-36
Let c(j) = -2*j**3 + 3*j**2 + 9*j - 18. What is c(4)?
-62
Let s(i) = -3*i + 2. Calculate s(-9).
29
Let l(u) = 50*u - 645. Determine l(13).
5
Let v(o) = 8*o + 94. Determine v(-10).
14
Let u(q) = 18*q - 202. Give u(11).
-4
Let g(y) = y**2 + 14. What is g(0)?
14
Let j(u) = -u**3 + 5*u**2 - u - 2. Calculate j(3).
13
Let g(h) = -8*h**2 - h. Calculate g(1).
-9
Let h(p) = p**3 + 7*p**2 + 4. Give h(-7).
4
Let c(p) = 5*p**2 + 25*p - 10. Determine c(-9).
170
Let b(k) = 196*k + 386. Determine b(-2).
-6
Let n(i) = -i**3 + 22*i**2 + 23*i + 40. What is n(23)?
40
Let n(u) = -u - 10. Determine n(-12).
2
Let n(y) = -y**3 + 11*y**2 + 3*y - 10. Determine n(11).
23
Let d(w) = -7*w**2 + w - 7. Give d(2).
-33
Let k(a) = 12*a**2 + 4*a - 5. What is k(1)?
11
Let y(b) = 9*b**2 - 7*b + 26. Give y(3).
86
Let t(y) = -y - 19. Calculate t(17).
-36
Let s(a) = -7*a - 4. Give s(-2).
10
Let r(t) = -2*t**2 - 7*t - 6. What is r(-5)?
-21
Let k(i) = -20*i**3 - i**2 + 6*i + 6. Give k(-1).
19
Let w(k) = k**3 + 12*k**2 - 13*k - 6. Calculate w(-13).
-6
Let b(o) = -o**2 - 27*o - 61. Give b(-25).
-11
Let q(i) = 35*i - 2. Give q(1).
33
Let o(m) = 4*m - 1. Calculate o(-1).
-5
Let i(y) = 5*y - 30. Determine i(6).
0
Let b(m) = -m**2 - 12*m - 12. Determine b(-10).
8
Let u(w) = w**3 - 6*w**2 - 9*w + 70. Calculate u(4).
2
Let s(a) = a**2 + 8*a - 6. Give s(-8).
-6
Let y(w) = 2*w - 9. Determine y(6).
3
Let q(h) = h**2 + h - 1. Calculate q(-5).
19
Let q(y) = y + 4. Give q(-9).
-5
Let z(a) = -3*a - 10. Give z(5).
-25
Let f(x) = -x**3 + x**2 + 5*x + 